{"id":878,"date":"2023-02-26T11:25:36","date_gmt":"2023-02-26T10:25:36","guid":{"rendered":"http:\/\/sweet3.home.pl\/autoinstalator\/nowa\/?page_id=878"},"modified":"2023-02-28T13:45:43","modified_gmt":"2023-02-28T12:45:43","slug":"florescence","status":"publish","type":"page","link":"https:\/\/andrzejkaralow.pl\/index.php\/florescence\/","title":{"rendered":"FLORESCENCE"},"content":{"rendered":"<p>[vc_row full_width=&#8221;stretch_row_content&#8221; parallax=&#8221;content-moving&#8221; css=&#8221;.vc_custom_1677407066165{margin-right: 18px !important;margin-left: 18px !important;background-image: url(http:\/\/sweet3.home.pl\/autoinstalator\/nowa\/wp-content\/uploads\/2023\/02\/DSCF4760.jpg?id=500) !important;background-position: 0 0;background-repeat: no-repeat !important;}&#8221;][vc_column][vc_empty_space height=&#8221;232px&#8221;][vc_custom_heading text=&#8221;FLORESCENCE for piano trio&#8221; font_container=&#8221;tag:h3|font_size:55|text_align:center|color:%23f7f7f7&#8243; google_fonts=&#8221;font_family:Montserrat%3Aregular%2C700|font_style:400%20regular%3A400%3Anormal&#8221;][vc_empty_space height=&#8221;232px&#8221;][\/vc_column][\/vc_row][vc_row css=&#8221;.vc_custom_1677588342244{padding-right: 5% !important;padding-left: 5% !important;}&#8221;][vc_column][vc_column_text]<\/p>\n<ul>\n<li>year: 2018<b><\/b><\/li>\n<li>lenght: 8\u2032<\/li>\n<li><span lang=\"EN-US\">instrumentation: violin, cello, piano (there is also a version for viola, cello and piano)<\/span><\/li>\n<li>premiere:\n<ul>\n<li><span lang=\"EN-US\">7.07.2018 Montreal, version with viola: Sarah de Niverville (vla), Carol Tsai (vc), Andrzej Kara\u0142ow (pf)<\/span><\/li>\n<li><span lang=\"EN-US\">5.11.2018 Warsaw, Chopin University of Music \u2013 <\/span>Concert Hall: Roksana Kwa\u015bnikowska (vn), Agata Dobrza\u0144ska (vc), Andrzej Kara\u0142ow (pf)<\/li>\n<\/ul>\n<\/li>\n<li><span lang=\"EN-US\">score available soon on Chopin University Press<\/span><\/li>\n<li><a href=\"https:\/\/www.efryderyk.pl\/muzyka-wspolczesna\/548-chromatophonic-roksana-kwasnikowska-agata-dobrzanska-andrzej-karalow-5906874951613.html\">released on &#8220;Chromatophonic&#8221;<\/a><\/li>\n<li><span lang=\"EN-US\">The composition Florescence (2018) was written in 2018 for the LABO workshop in Montreal, during which it was also premiered. It is a composition whose narrative develops on the principles of organic shaping of the musical material: from the source \u2013 the initial sounds, one idea, naturally, like a plant \u2013 its entire musical structure grows. It is based on aleatoric segments, but determined by specific rules. Individual voices-instruments are treated linearly, creating sonoristic and melodic structures. In order to create a coherent sound \u201corganism\u201d, it is important to integrate them in the color context based on the synaesthetic pitch system. Formal, but also using synesthetic associations, the sketch of the composition was created in the form of digital graphics.<\/span><\/li>\n<\/ul>\n<p>[\/vc_column_text][vc_raw_html]JTNDaWZyYW1lJTIwc3R5bGUlM0QlMjJib3JkZXItcmFkaXVzJTNBMTJweCUyMiUyMHNyYyUzRCUyMmh0dHBzJTNBJTJGJTJGb3Blbi5zcG90aWZ5LmNvbSUyRmVtYmVkJTJGdHJhY2slMkYyWlczdFZNQVhXV1I2R1hzWlBKNmQzJTNGdXRtX3NvdXJjZSUzRGdlbmVyYXRvciUyNnRoZW1lJTNEMCUyMiUyMHdpZHRoJTNEJTIyMTAwJTI1JTIyJTIwaGVpZ2h0JTNEJTIyMTUyJTIyJTIwZnJhbWVCb3JkZXIlM0QlMjIwJTIyJTIwYWxsb3dmdWxsc2NyZWVuJTNEJTIyJTIyJTIwYWxsb3clM0QlMjJhdXRvcGxheSUzQiUyMGNsaXBib2FyZC13cml0ZSUzQiUyMGVuY3J5cHRlZC1tZWRpYSUzQiUyMGZ1bGxzY3JlZW4lM0IlMjBwaWN0dXJlLWluLXBpY3R1cmUlMjIlMjBsb2FkaW5nJTNEJTIybGF6eSUyMiUzRSUzQyUyRmlmcmFtZSUzRQ==[\/vc_raw_html][\/vc_column][\/vc_row][vc_row css=&#8221;.vc_custom_1677407298950{margin-right: 55px !important;margin-left: 55px !important;}&#8221;][vc_column][vc_single_image image=&#8221;879&#8243; img_size=&#8221;full&#8221; alignment=&#8221;center&#8221;][vc_column_text css=&#8221;.vc_custom_1677407105894{margin-right: 32px !important;}&#8221;]digital art: Andrzej Kara\u0142ow[\/vc_column_text][\/vc_column][\/vc_row]<\/p>\n","protected":false},"excerpt":{"rendered":"<p>[vc_row full_width=&#8221;stretch_row_content&#8221; parallax=&#8221;content-moving&#8221; css=&#8221;.vc_custom_1677407066165{margin-right: 18px !important;margin-left: 18px !important;background-image: url(http:\/\/sweet3.home.pl\/autoinstalator\/nowa\/wp-content\/uploads\/2023\/02\/DSCF4760.jpg?id=500) !important;background-position: 0 0;background-repeat: no-repeat !important;}&#8221;][vc_column][vc_empty_space height=&#8221;232px&#8221;][vc_custom_heading text=&#8221;FLORESCENCE for piano trio&#8221; font_container=&#8221;tag:h3|font_size:55|text_align:center|color:%23f7f7f7&#8243; google_fonts=&#8221;font_family:Montserrat%3Aregular%2C700|font_style:400%20regular%3A400%3Anormal&#8221;][vc_empty_space height=&#8221;232px&#8221;][\/vc_column][\/vc_row][vc_row css=&#8221;.vc_custom_1677588342244{padding-right: 5% !important;padding-left: 5% !important;}&#8221;][vc_column][vc_column_text] year: 2018 lenght: 8\u2032 instrumentation: violin, cello, piano (there is also a version for viola, cello and piano) premiere: 7.07.2018 Montreal, version with viola: Sarah de Niverville (vla), &hellip; <\/p>\n<p class=\"link-more\"><a href=\"https:\/\/andrzejkaralow.pl\/index.php\/florescence\/\" class=\"more-link\">Read more<span class=\"screen-reader-text\"> &#8220;FLORESCENCE&#8221;<\/span><\/a><\/p>\n","protected":false},"author":1,"featured_media":0,"parent":0,"menu_order":0,"comment_status":"closed","ping_status":"closed","template":"page-templates\/full-width-no-title.php","meta":{"footnotes":""},"class_list":["post-878","page","type-page","status-publish","hentry"],"_links":{"self":[{"href":"https:\/\/andrzejkaralow.pl\/index.php\/wp-json\/wp\/v2\/pages\/878","targetHints":{"allow":["GET"]}}],"collection":[{"href":"https:\/\/andrzejkaralow.pl\/index.php\/wp-json\/wp\/v2\/pages"}],"about":[{"href":"https:\/\/andrzejkaralow.pl\/index.php\/wp-json\/wp\/v2\/types\/page"}],"author":[{"embeddable":true,"href":"https:\/\/andrzejkaralow.pl\/index.php\/wp-json\/wp\/v2\/users\/1"}],"replies":[{"embeddable":true,"href":"https:\/\/andrzejkaralow.pl\/index.php\/wp-json\/wp\/v2\/comments?post=878"}],"version-history":[{"count":9,"href":"https:\/\/andrzejkaralow.pl\/index.php\/wp-json\/wp\/v2\/pages\/878\/revisions"}],"predecessor-version":[{"id":1128,"href":"https:\/\/andrzejkaralow.pl\/index.php\/wp-json\/wp\/v2\/pages\/878\/revisions\/1128"}],"wp:attachment":[{"href":"https:\/\/andrzejkaralow.pl\/index.php\/wp-json\/wp\/v2\/media?parent=878"}],"curies":[{"name":"wp","href":"https:\/\/api.w.org\/{rel}","templated":true}]}}