{"id":1017,"date":"2023-02-27T16:37:49","date_gmt":"2023-02-27T15:37:49","guid":{"rendered":"http:\/\/sweet3.home.pl\/autoinstalator\/nowa\/?page_id=1017"},"modified":"2023-02-28T14:11:46","modified_gmt":"2023-02-28T13:11:46","slug":"vocalise-a-tribute-to-witkacys-landscapes","status":"publish","type":"page","link":"https:\/\/andrzejkaralow.pl\/index.php\/vocalise-a-tribute-to-witkacys-landscapes\/","title":{"rendered":"Vocalise, a tribute to Witkacy\u2019s landscapes"},"content":{"rendered":"<p>[vc_row full_width=&#8221;stretch_row_content&#8221; parallax=&#8221;content-moving&#8221; css=&#8221;.vc_custom_1677512076441{margin-right: 18px !important;margin-left: 18px !important;}&#8221;][vc_column][vc_custom_heading text=&#8221;Vocalise, a tribute to Witkacy\u2019s landscapes&#8221; font_container=&#8221;tag:h3|font_size:55|text_align:center|color:%23f7f7f7&#8243; google_fonts=&#8221;font_family:Montserrat%3Aregular%2C700|font_style:400%20regular%3A400%3Anormal&#8221;][\/vc_column][\/vc_row][vc_row css=&#8221;.vc_custom_1677589905789{padding-right: 5% !important;padding-left: 5% !important;}&#8221;][vc_column][vc_column_text]<\/p>\n<ul>\n<li><span lang=\"EN-US\">year: 2022<b><\/b><\/span><\/li>\n<li><span lang=\"EN-US\">lenght: ca. 13&#8242;<\/span><\/li>\n<li><span lang=\"EN-US\">instrumentation: soprano (voice), violin, piano<\/span><\/li>\n<li>commissioned by Festiwal Pianistyki Polskiej w S\u0142upsku<\/li>\n<li><span style=\"font-size: 16px;\">premiere in Bia\u0142y Spichlerz, S\u0142upsk 7.09.2022<\/span>\n<ul>\n<li>Joanna Freszel \u2013 soprano<\/li>\n<li>Piotr P\u0142awner \u2013 violin<\/li>\n<li>Piotr Sa\u0142ajczyk \u2013 piano<\/li>\n<\/ul>\n<\/li>\n<\/ul>\n<p>[\/vc_column_text][\/vc_column][\/vc_row]<\/p>\n","protected":false},"excerpt":{"rendered":"<p>[vc_row full_width=&#8221;stretch_row_content&#8221; parallax=&#8221;content-moving&#8221; css=&#8221;.vc_custom_1677512076441{margin-right: 18px !important;margin-left: 18px !important;}&#8221;][vc_column][vc_custom_heading text=&#8221;Vocalise, a tribute to Witkacy\u2019s landscapes&#8221; font_container=&#8221;tag:h3|font_size:55|text_align:center|color:%23f7f7f7&#8243; google_fonts=&#8221;font_family:Montserrat%3Aregular%2C700|font_style:400%20regular%3A400%3Anormal&#8221;][\/vc_column][\/vc_row][vc_row css=&#8221;.vc_custom_1677589905789{padding-right: 5% !important;padding-left: 5% !important;}&#8221;][vc_column][vc_column_text] year: 2022 lenght: ca. 13&#8242; instrumentation: soprano (voice), violin, piano commissioned by Festiwal Pianistyki Polskiej w S\u0142upsku premiere in Bia\u0142y Spichlerz, S\u0142upsk 7.09.2022 Joanna Freszel \u2013 soprano Piotr P\u0142awner \u2013 violin Piotr Sa\u0142ajczyk \u2013 &hellip; <\/p>\n<p class=\"link-more\"><a href=\"https:\/\/andrzejkaralow.pl\/index.php\/vocalise-a-tribute-to-witkacys-landscapes\/\" class=\"more-link\">Read more<span class=\"screen-reader-text\"> &#8220;Vocalise, a tribute to Witkacy\u2019s landscapes&#8221;<\/span><\/a><\/p>\n","protected":false},"author":1,"featured_media":0,"parent":0,"menu_order":0,"comment_status":"closed","ping_status":"closed","template":"page-templates\/full-width-no-title.php","meta":{"footnotes":""},"class_list":["post-1017","page","type-page","status-publish","hentry"],"_links":{"self":[{"href":"https:\/\/andrzejkaralow.pl\/index.php\/wp-json\/wp\/v2\/pages\/1017","targetHints":{"allow":["GET"]}}],"collection":[{"href":"https:\/\/andrzejkaralow.pl\/index.php\/wp-json\/wp\/v2\/pages"}],"about":[{"href":"https:\/\/andrzejkaralow.pl\/index.php\/wp-json\/wp\/v2\/types\/page"}],"author":[{"embeddable":true,"href":"https:\/\/andrzejkaralow.pl\/index.php\/wp-json\/wp\/v2\/users\/1"}],"replies":[{"embeddable":true,"href":"https:\/\/andrzejkaralow.pl\/index.php\/wp-json\/wp\/v2\/comments?post=1017"}],"version-history":[{"count":2,"href":"https:\/\/andrzejkaralow.pl\/index.php\/wp-json\/wp\/v2\/pages\/1017\/revisions"}],"predecessor-version":[{"id":1172,"href":"https:\/\/andrzejkaralow.pl\/index.php\/wp-json\/wp\/v2\/pages\/1017\/revisions\/1172"}],"wp:attachment":[{"href":"https:\/\/andrzejkaralow.pl\/index.php\/wp-json\/wp\/v2\/media?parent=1017"}],"curies":[{"name":"wp","href":"https:\/\/api.w.org\/{rel}","templated":true}]}}